se -5*f + m = w, -5*f + 2096 - 686 = -5*w. What is the units digit of f?
2
Let x(q) be the second derivative of 5*q**3/2 + 14*q**2 - 2*q - 1. What is the tens digit of x(4)?
8
Let u(y) = 10 - 2*y**2 + 5 - 6*y - 2*y**3 - 27. What is the units digit of u(-6)?
4
What is the ten thousands digit of ((-2407)/(-348))/83 + 436895/12?
3
What is the units digit of (-243)/((-2*3/45)/2)?
5
What is the thousands digit of 4528 + (-4 - -1)*((-56)/21 + 4)?
4
Let u = -4623 - -6998. Suppose -4*a = 727 - u. What is the hundreds digit of a?
4
Let p(j) = j - 5. Let m be p(3). What is the tens digit of 3/m + 6840/16?
2
Suppose 41 = i - 60. Let j = 80 - i. Let a = 27 + j. What is the units digit of a?
6
Let h = 95 - 95. Suppose -f + 2*w + 285 = 0, h = 7*f - 5*f - 5*w - 567. What is the units digit of f?
1
Let h = 605 - 605. Suppose -3*u + 3369 + 468 = h. What is the tens digit of u?
7
What is the ten thousands digit of 4/(-12)*222*(-315 - -1)?
2
Let x(v) be the second derivative of v**5/20 - 2*v**4/3 - v**3/2 + 12*v**2 - 18*v. Let l be x(8). What is the units digit of l - (-1)/((-228)/232 - -1)?
8
What is the tens digit of ((-20748)/(-60) - 9)*(6 + 203/2)?
0
Let p(s) = s**3 - 46*s**2 + 52*s - 32. Let r(v) = v**2 - 2*v. Let m(g) = p(g) + 3*r(g). What is the tens digit of m(42)?
3
Let t = 26 - 134. Let p = -100 - t. What is the units digit of p?
8
Let n = -137 + 125. Let y(k) = k**2 + 5*k - 18. What is the units digit of y(n)?
6
What is the thousands digit of 516/(-387) - 17149/(-3)?
5
Let g(q) = 2*q - 3. Let h be g(4). Let m(d) = d**3 - 5*d**2 - 9*d + 5. Let i be m(h). Let o = i + 141. What is the units digit of o?
1
Suppose 0 = -12*r + 7*r - 25, -108 = -z + r. Suppose 0 = -4*j + z + 989. Let c = j - 69. What is the units digit of c?
4
Suppose -1904578 = 10*h - 149*h. What is the hundreds digit of h?
7
What is the thousands digit of 4*14/364 + 434768/26?
6
Let f(c) = 94*c**2 + 86*c + 1389. What is the hundreds digit of f(-16)?
0
Let k = -9263 + 9941. What is the tens digit of k?
7
Let b(y) = -2*y**3 + 21*y**2 - 11*y + 5. Let q be 3 - (3 + (-30)/3). Let s be b(q). What is the units digit of 92 - (-8 - (s - -1))?
6
Let b(u) = 1344*u + 1509. What is the thousands digit of b(14)?
0
Suppose 4*z + g + 146 = 0, 114 = -3*z - 2*g - g. Let y = z + 40. Suppose 12*l - 3152 = -y*l. What is the units digit of l?
7
Suppose 0 = -3*x + 7*x. Let z be 31 + 2 + x + 2 + 0. Suppose j = 2*o - z, -3*j + j + 5 = o. What is the units digit of o?
5
Suppose 3*x - x + 37 = o, -2*o + 58 = 4*x. Let m = o - 30. Suppose -4*c - 13 = -y, -3*y + 4*y - 10 = m*c. What is the units digit of y?
1
Let p = -14 - -12. What is the tens digit of (-46 + -1)*-16 - 4/p?
5
Suppose -5*c = -24 - 46. Let v = 1619 - 1621. What is the hundreds digit of 796/7 + v - (-4)/c?
1
Suppose -351*n - 216*n + 63*n + 21754152 = 0. What is the hundreds digit of n?
1
Let h = -854 - -1369. Suppose 0 = 6*r - h - 1459. What is the hundreds digit of r?
3
Let b(p) be the second derivative of 43*p**4/6 + 2*p**3/3 + 5*p**2 - 55*p. What is the units digit of b(-2)?
6
Let s = -70 - -90. Let x be 1/((-1)/(-105)) - 3. Let p = s + x. What is the units digit of p?
2
Let c(j) = 64*j**3 + 26*j**2 - 152*j + 53. What is the tens digit of c(5)?
4
Let p(g) = -2*g**2 - 240*g + 278. What is the tens digit of p(-95)?
2
Let u(r) = -r**3 - 4*r**2 - 6*r - 2. Let f be u(-2). Suppose 153 = f*w + 9. Suppose -b = -3*t - w, 5*b + 3*t - 252 - 54 = 0. What is the tens digit of b?
6
Let c be (-3 + 5)/(-4 + 17/4). Let k be (3 + (-20)/c)*(0 - -6). Suppose 0 = q + k*q - 4*v - 164, -3 = -v. What is the units digit of q?
4
Suppose -3*y - 2*k = 2, -5*k - 6 = -y + 16. What is the units digit of 6 - -327 - (0 + y)?
1
What is the thousands digit of 11/((-121)/99) - -6 - (-25048 + -1)?
5
Let j = 95 - -43. Let i(s) = 6*s**3 - 4*s**2 - 2*s - 8. Let w be i(4). Let u = w - j. What is the hundreds digit of u?
1
Let q(a) = 0 + 16 - 27*a + 8 + 32 - 11. What is the tens digit of q(-25)?
2
Let g(a) = 1204 - 372 - 18*a - 616. What is the hundreds digit of g(-9)?
3
What is the tens digit of (226/(-3))/(385/399 + -1)?
4
Suppose -11 = -3*u - 3*y + 13, 0 = 3*u + 5*y - 30. Suppose t + u*x = 1369, -t - 3*x - 464 + 1841 = 0. What is the tens digit of t?
8
What is the hundreds digit of (-9)/((-81)/(-2)) + (1475215/63)/5?
6
Let j(f) = f**3 - 7*f**2 - 184*f + 123. What is the hundreds digit of j(23)?
3
Let p(h) = -h - 7. Let w = 38 + -49. Let g be p(w). Suppose c + 2*n = 30 + 25, 0 = 4*c - g*n - 256. What is the tens digit of c?
6
Let x = -99 - -101. Suppose 20 = x*j + 10. Suppose j*z - 569 = h, 3*h + 162 = 4*z - 302. What is the tens digit of z?
1
Let p(k) = 16*k**3 + 3*k**2 + 46*k - 70. What is the units digit of p(7)?
7
Let y(z) = -z**3 + z - 3. Suppose -15 = -3*k - 21. Let c be y(k). Suppose -3*g + 4*r = -241, -4*r + c*r = 3*g - 266. What is the tens digit of g?
8
Let p = -15445 - -62635. What is the ten thousands digit of p?
4
Suppose 13503 + 25543 = 7*d. What is the thousands digit of d?
5
Let z = 1192 - -4370. What is the units digit of z?
2
Let x(t) = -2*t + 3. Let z be x(-1). What is the tens digit of (-73 - (-3 + 4))/z*-25?
7
Let z = -26385 + 69257. What is the ten thousands digit of z?
4
Let s be (0 - (2 + -18))*(14 - 15). Let h be (0 - s)/4 + (-3 - 1). Suppose h = 2*w - 202 - 78. What is the hundreds digit of w?
1
Suppose 6526*q - 916284 = 6497*q. What is the ten thousands digit of q?
3
Let k = 31 - 41. Let x be k*110*6/(-8). Let q = -573 + x. What is the tens digit of q?
5
What is the ten thousands digit of (28/((-2688)/(-43272)))/(6/752)?
5
Suppose 132*c + 635 = 137*c. Suppose -c*f + 126*f = -885. What is the tens digit of f?
8
Let y(d) = d**3 + 14*d**2 - 30*d + 4. Let r be y(9). Let x = -794 + r. What is the tens digit of x?
0
Let l = -44302 - -64440. What is the units digit of l?
8
Suppose -240415 = -62*w + 723561. What is the thousands digit of w?
5
Let r(g) = -41*g - 360. Suppose -527 = 8*p + 9*p. What is the units digit of r(p)?
1
Suppose -2*q = -4*f + 281574, q + 61711 = 3*f - 149474. What is the hundreds digit of f?
3
Let g(u) = -u**3 + 80*u**2 - 163*u - 461. What is the thousands digit of g(76)?
0
Suppose -k = -2*b - 9, -4*b - b - 5*k - 15 = 0. Let n be (10/(-4))/(-8*75/480). What is the units digit of (-16 + 13)*b/n?
6
Let d = 156931 - 75532. What is the units digit of d?
9
Suppose 45*g = 28*g + 544. What is the tens digit of g/(-56) - 8758/(-14)?
2
What is the hundreds digit of (-13)/(273/70)*10/((-180)/71091)?
1
Suppose 0 = -4*q - 3*h + 69331, -2*h - 34690 = -20*q + 18*q. What is the tens digit of q?
3
Suppose -88*f - 3822 = -95*f. Suppose 1309 = 5*d - 3*m - m, 2*d = -4*m + f. What is the units digit of d?
5
Let u(d) = 204*d + 1528. What is the thousands digit of u(26)?
6
Suppose -3*m + 164 = -0*q - 5*q, 4*q = -4*m + 240. Let h = m + -62. What is the hundreds digit of 2/(-8) + (-425)/h + 2?
1
Suppose -21*c + 54377 = 3*c - 142111. What is the hundreds digit of c?
1
Let a be (-3)/((-63)/(-742))*(-1 + -11). Let b(j) = 4*j. Let f be b(4). Suppose 0 = -12*s - f + a. What is the units digit of s?
4
Let i(m) = -m**3 - 9*m**2 - 15*m - 9. Let f be i(-6). Let b be 4/18 - 48/f. Suppose 50 = b*g - g - 3*s, -5*s = -g + 48. What is the units digit of g?
3
Let l(c) be the third derivative of -61*c**4/24 - 2*c**3/3 + 199*c**2. Let v(s) = 2*s**3 + 2*s + 1. Let z be v(-1). What is the units digit of l(z)?
9
Suppose 46*h - 91*h = 65*h - 931150. What is the tens digit of h?
6
Let i = 2292 + -35. What is the units digit of i?
7
Let a(y) = -y**2 - 11*y - 24. Let g be a(-8). Suppose g = 2*m - 4*t - 810, 0 = 4*m - 2*t - 724 - 908. What is the units digit of m?
9
Let x be 5/5 - -2 - 16. Let i(z) = -19 + 8*z + 138*z**2 - 137*z**2 + 3*z. What is the units digit of i(x)?
7
Let t(g) = 4406*g + 974. What is the hundreds digit of t(5)?
0
Let j be -1*((-4)/6 - (-247)/(-57)). Suppose -5*w + 963 = -a, 2*w - j*a = -0*a + 399. What is the tens digit of w?
9
Suppose 25763 = s + 4*f, f = -s + 15900 + 9878. What is the thousands digit of s?
5
What is the hundreds digit of 2080 - (-19)/(95/(-45))?
0
Suppose 6*j - 3345 = -147. Suppose -1881 = -4*t - j. What is the units digit of t?
7
Suppose r = -3 - 3. Let k(y) = -7*y**2 + 11*y + 18. Let z be k(r). Let o = 430 + z. What is the hundreds digit of o?
1
Suppo